c = -64459/20 + 3223. Let z(y) be the second derivative of c*y**5 + 0 + 18*y - 1/12*y**4 - y**2 - 1/2*y**3. What is z(-2)?
-8
Suppose 375*u = 425*u + 50. Let i(g) = -65*g - 69. What is i(u)?
-4
Suppose -17*z + 3*r = -12*z + 128, -150 = 6*z - 3*r. Let o(h) = -5*h - 107. Determine o(z).
3
Let h be (-18)/117 + (-669)/39*-1. Suppose 4*t + 5*f = h, -5*f = -6*f + 1. Let p(l) = -l**2 - 2*l + 2. Calculate p(t).
-13
Let a(t) = 6*t**3 + 2*t**2 + 3*t - 9. Let y(s) = s**3 + s**2 - 1. Let h(p) = 2*p**2 - 31*p + 14. Let c be h(15). Let k(v) = c*a(v) + 5*y(v). Calculate k(3).
-5
Let v(w) = 52*w + 49. Let n(d) = 89*d + 96. Let i(k) = -3*n(k) + 5*v(k). Determine i(-8).
13
Let w(c) be the third derivative of -c**4/24 + c**3/2 + 3*c**2 + 13*c - 4. Give w(-3).
6
Let t(d) = d**2 - 9*d + 5. Let n(v) = -v**3 - 21*v**2 - 38*v - 8. Let h be n(-19). Suppose 0 = -48*r + 53*r + 20. Let s = r - h. What is t(s)?
-15
Let r(t) be the second derivative of 2*t**3/3 + t**2/2 - t. Suppose -g - 5*g + 30 = -g. Let n(q) = 5*q. Let m(z) = g*r(z) - 5*n(z). Determine m(6).
0
Let g(f) = -1 + 10*f - 6 - 4 + 16*f - 27*f. Suppose -17 = 7*u + 18. Determine g(u).
-6
Suppose 5*k - 10 = 0, -2*c + 4*c = 2*k. Let t(w) = -12*w + 22. Let y be t(c). Let h(r) = -16*r - r**2 - 2 + 9*r + 6*r. Give h(y).
-4
Let h(z) = 2*z - 1. Let k be (0 + 1)/(38/114). Suppose -k*d + g = 4*g + 3, -3*g - 6 = 0. Calculate h(d).
1
Let u(d) = d**2 + d + 5. Suppose 0 = -5*p - 3*l + 75, 2*l + 8 = p - 7. Suppose 8*x - 3*x - p = 0. Let w be (-2 + 4)*-1 + -1 + x. Give u(w).
5
Suppose 3*t - 15 = -3*k, 48*k = 45*k + 5*t - 25. Let d(q) = -q**3 + q**2 + 3*q - 6. Calculate d(k).
-6
Let a be 2/16 + (-5)/40. Let m be (-4 - (4 - 12))/2. Let k(b) = 15*b**m + 4*b + a*b - 1 - 16*b**2. Determine k(3).
2
Let s(n) = -6*n + 13. Let f = -14 - -9. Let r(p) = 3*p + 22 + 13 + 0*p - 41. Let m(b) = f*r(b) - 2*s(b). Determine m(4).
-8
Let n(q) = 4 + 0*q**2 - q**2 + 0. Let v(u) = 5*u**2 + 36*u - 6. Let t be v(-6). Let y be ((-18)/(-72) - t/(-8)) + 1. Calculate n(y).
-12
Let p(m) = m**3 - 3*m**2 + 3*m + 1. Suppose -q + 3*h - 27 = 149, -2*q - 356 = -4*h. Let z be (2/7*-3)/(q/637). What is p(z)?
10
Let i(w) = 3*w - 7. Let m be i(5). Let y(r) be the first derivative of 1/4*r**4 + 0*r**2 - 8/3*r**3 - 8*r - 107. Calculate y(m).
-8
Let w(u) = 2*u**3 - 6*u**2 + 2*u - 4. Let b be ((-99)/66)/((-2)/(-16)). Let h be 24/7 + (-31)/(651/b). Determine w(h).
36
Let s(i) be the first derivative of -i**3/3 + 9*i**2 + 82*i + 1252. Give s(22).
-6
Let x(f) be the first derivative of -f**2/2 + 45*f - 1313. What is x(22)?
23
Suppose 10*u - 12*u = 12. Let c(n) = -n**3 + 2*n + 1. Let d(f) = -2*f**3 + f**2 + 6*f + 4. Let o(g) = u*c(g) + 2*d(g). Calculate o(2).
26
Let v(y) be the third derivative of -1/12*y**4 + 45 + y**2 + y**3 + 0*y. Give v(-5).
16
Let s(k) = -7*k + 20. Let p be 561/(-34)*((-42)/27)/(-7)*-3. Give s(p).
-57
Suppose -16*c = -34 + 2. Suppose 0 = -7*x + 8*x, 4*a + c*x - 20 = 0. Let o(y) = y + 6. Determine o(a).
11
Let k(g) be the first derivative of -g**4/4 + 4*g**3/3 + 5*g**2/2 - 15*g - 3354. Determine k(5).
-15
Let o(h) = -62*h - 613. Let g be o(-10). Let z(i) = -1 - 3 + 6*i - 2 - g*i - 1. Suppose -5*y - 4*l - 75 = 0, 0*y + 39 = -4*y + l. Give z(y).
4
Suppose 4*k - 28 = -4*z, -5*z = 3*k - 17 - 12. Let r(w) = -18*w**2 - 4*w - 2 + k + 19*w**2. Let i = -145 + 150. Calculate r(i).
6
Let v be (4 - 3) + (45 - -3). Let l = -49 + v. Suppose -5*h - 10 = -l. Let b(o) = -o**3 + 2*o + 1. Give b(h).
5
Let d = 944 - 936. Let f(b) = b**3 - 8*b**2 + 6*b - 2. What is f(d)?
46
Let y(h) = -2*h - 9 + 3*h**2 + 4*h**2 - 6*h**2. Suppose -6*i - 177 + 52 = -31*i. Determine y(i).
6
Suppose 86*q - 16 = 82*q. Let r be (-5 - 30/(-12))*q/5. Let i(a) = 0*a + 0*a + 2*a + 3*a**2. Determine i(r).
8
Let n(w) = w**3 + 11*w**2 + 13*w - 106. Let b be n(-6). Let a(i) = -3*i + 4. Calculate a(b).
16
Let k(z) = 7*z**2 - 127*z + 16. Let t(m) = -4*m**2 + 53*m - 9. Let c(j) = -2*k(j) - 5*t(j). What is c(4)?
65
Let d(l) = -l + 3. Let a(m) = m**3 - m**2 + 2*m - 3. Let s be ((-20)/9)/(-1) - (-22)/(-99). Let w be a(s). Determine d(w).
-2
Let z be (-2)/((-28)/(-12) - 3). Suppose -3*p + 15 = -z*f, 3 = -3*p + 2*p. Let j(o) = 2*o + 11. Give j(f).
-5
Let s(x) be the first derivative of 69 + 1/2*x**2 - x. What is s(7)?
6
Let b(i) = 14*i**2 - i - 6. Let j = -29848 + 29846. Give b(j).
52
Let k(c) be the first derivative of -2*c - 259 + 0*c**2 - 1/4*c**4 + 5/3*c**3. What is k(2)?
10
Let s(k) = -14*k**2 + 4*k + 4. Let c(w) = 2*w**2 - 2*w - 1. Let q(g) = -3*c(g) - s(g). Calculate q(2).
35
Let s be 1/((1 + 0)/(-1)). Let h(r) = -4*r - 36. Let i(t) = 4*t + 24. Let m(j) = -4*h(j) - 6*i(j). Determine m(s).
8
Let o = 1 + 19. Let a = o - 16. Let v(r) = -a - 1 + 56*r**2 - 62*r**2 + 6. What is v(1)?
-5
Let u(k) = 29 - 3*k + 3*k + 2*k + 0*k - k. Let m(z) = z + 20. Let d be m(-20). Determine u(d).
29
Let m be 5 - -3 - (-199 - 1)/(-20). Let v(y) = -y**3 - 4*y**2 - 9*y - 9. Give v(m).
1
Suppose -5*m = -3*x - 37, -x + 3*x = 2. Suppose r = m - 1. Let y(o) = -2*o + 16. Give y(r).
2
Let t(q) = -4833*q**2 + 58 + q**3 + 14494*q**2 - 4828*q**2 - 4835*q**2 - q. Determine t(0).
58
Let s(m) = -2550*m - 15309. Let u be s(-6). Let r(l) = 13*l**2 + 7*l + 33. Let j(c) = 7*c**2 + 3*c + 17. Let p(i) = -11*j(i) + 6*r(i). Calculate p(u).
11
Suppose -15 = -2*z - 3*z - 5*n, -3*z = 2*n - 11. Let y(q) = -405*q + 206*q - z + 201*q. Determine y(7).
9
Suppose -22*p + 138 = -48 - 100. Let v(z) = z**2 - 18*z + 65. Determine v(p).
0
Suppose -80 = 5*d - 95. Suppose 53 = 5*c + 58, -d*c = 2*a + 1. Let l(g) = 6*g**2 - 2*g + 1. What is l(a)?
5
Let q(f) = 153*f + 2*f - 166*f + f**2 + 17. Calculate q(2).
-1
Let y(s) be the first derivative of 0*s**2 - 1/8*s**4 + 0*s - 5 - 1/40*s**5 - 26/3*s**3. Let n(p) be the third derivative of y(p). Calculate n(4).
-15
Let b(k) = -4*k + 16. Suppose -11*i - 4*i = -60. What is b(i)?
0
Let g(s) be the second derivative of s**5/20 + s**4/12 - s**3 - 9*s**2/2 - 13*s + 156. Give g(0).
-9
Let q(f) = 37*f - 428. Let v(b) = b - 90. Let g(x) = q(x) - 2*v(x). Calculate g(7).
-3
Let b be 2/(-9) + (-4)/21*1036/111. Let x(y) = -4*y**3 - 7*y**2 - 2*y + 2. Determine x(b).
10
Let p(a) = -a**3 - 2*a**2 + 7*a - 16. Let v(i) = -2*i**2 + 6*i - 13. Let s(b) = -5*p(b) + 6*v(b). Give s(-1).
-6
Let k(a) = a**2 + 14*a + 14. Let l be (-2295)/2205 - (-16)/392. Give k(l).
1
Let t(q) = 377*q - 127*q + 3 - 121*q - 128*q. Determine t(14).
17
Let u(c) be the third derivative of 1/6*c**4 - 1/120*c**6 - 1/12*c**5 - 7/6*c**3 + 0*c - 57*c**2 + 0. Determine u(-6).
5
Let u(a) be the first derivative of -a**5/60 + 11*a**4/24 - 7*a**3/3 + 11*a**2 - 2*a - 48. Let s(k) be the second derivative of u(k). Give s(10).
-4
Let d(y) = 14*y + 3. Let r(o) = 5*o + 1. Let m(s) = -6*d(s) + 17*r(s). Let j be m(-5). Let b(x) = -x - 11. Give b(j).
-5
Let y = -12 - -15. Suppose 20 = y*p + 11. Let s(m) = p - 6 + m + 0 + 5. Calculate s(-2).
0
Let f(h) = -h - 2. Suppose 3*o = 1826 - 458. Let b = o - 457. Calculate f(b).
-1
Let c(j) = -158*j - 2368. Let z be c(-15). Let g(r) be the third derivative of 1/3*r**3 - 1/12*r**4 - 3*r**z + 0*r + 0. Give g(-5).
12
Let l(s) = -2*s + 5. Let d(p) be the second derivative of p**3/3 - 33*p**2/2 - 69*p. Let g be d(19). Determine l(g).
-5
Let w = -15953 - -15946. Let d(q) = q - 14. Give d(w).
-21
Let d be (12/(-10))/((-4)/(-20)) + 19/3. Let i(j) be the first derivative of -j + 32 + j**2 - d*j**3. What is i(1)?
0
Let m(x) = -19*x**3 + 41*x**2 - 55*x + 70. Let w(i) = -7*i**3 + 14*i**2 - 18*i + 24. Let n(b) = 4*m(b) - 11*w(b). Give n(-12).
-8
Let u(q) = -4*q**2 - q + 1. Let w be u(1). Let o be 494/114 + (-1 - w/6). Let f be -6*((-6)/o*1 + 3). Let r(a) = a**2 + 10*a + 10. Determine r(f).
1
Let a(k) = k**3 - k**2 - 38. Suppose -3*c - 5*g = -30, 18*c + 6 = 23*c + g. What is a(c)?
-38
Let w = 34542 - 34537. Let z(t) = t**3 - 6*t**2 - 3*t + 6. Let a(n) = n**3 - 6*n**2 - 4*n + 6. Let g(x) = 6*a(x) - 7*z(x). Calculate g(w).
4
Suppose q + 16*d - 32 = 19*d, -5*q = 3*d - 88. Suppose -297 + 57 = q*z. Let s(i) = i**2 + 12*i + 3. What is s(z)?
3
Suppose t - 8*a + 1 = -9*a, -2*t - 4*a - 10 = 0. Let g(k) = t*k + k**3 - 7 - 5*k**2 - 2 + 13. Suppose q - 13 = -5*w, -3*w + 2 = 3*q - 1. Give g(w).
-5
Let a(q) = -q**2 - 4*q - 23. Let d be a(11). Let h = d + 194. Let f(u) = 